vided by 85.
22
Calculate the remainder when 2174 is divided by 17.
15
What is the remainder when 7863 is divided by 57?
54
Calculate the remainder when 182 is divided by 44.
6
What is the remainder when 140 is divided by 21?
14
Calculate the remainder when 91 is divided by 8.
3
Calculate the remainder when 3025 is divided by 1006.
7
Calculate the remainder when 301 is divided by 51.
46
Calculate the remainder when 725 is divided by 237.
14
What is the remainder when 1693 is divided by 94?
1
What is the remainder when 6682 is divided by 142?
8
Calculate the remainder when 719 is divided by 15.
14
Calculate the remainder when 5397 is divided by 200.
197
What is the remainder when 189 is divided by 100?
89
What is the remainder when 621 is divided by 159?
144
What is the remainder when 172 is divided by 167?
5
Calculate the remainder when 704 is divided by 47.
46
Calculate the remainder when 2869 is divided by 8.
5
Calculate the remainder when 13 is divided by 4.
1
Calculate the remainder when 632 is divided by 69.
11
What is the remainder when 1031 is divided by 206?
1
Calculate the remainder when 972 is divided by 71.
49
Calculate the remainder when 472 is divided by 27.
13
Calculate the remainder when 5359 is divided by 335.
334
What is the remainder when 351 is divided by 203?
148
What is the remainder when 246 is divided by 18?
12
Calculate the remainder when 221 is divided by 58.
47
Calculate the remainder when 390 is divided by 62.
18
Calculate the remainder when 371 is divided by 13.
7
Calculate the remainder when 148 is divided by 38.
34
What is the remainder when 1997 is divided by 4?
1
Calculate the remainder when 1169 is divided by 122.
71
Calculate the remainder when 112 is divided by 39.
34
Calculate the remainder when 1574 is divided by 105.
104
What is the remainder when 572 is divided by 14?
12
Calculate the remainder when 6764 is divided by 18.
14
Calculate the remainder when 163 is divided by 144.
19
Calculate the remainder when 732 is divided by 16.
12
Calculate the remainder when 716 is divided by 160.
76
Calculate the remainder when 749 is divided by 47.
44
What is the remainder when 418 is divided by 112?
82
Calculate the remainder when 4908 is divided by 51.
12
What is the remainder when 38 is divided by 12?
2
Calculate the remainder when 521 is divided by 17.
11
What is the remainder when 2484 is divided by 19?
14
What is the remainder when 17 is divided by 5?
2
What is the remainder when 209 is divided by 42?
41
Calculate the remainder when 464 is divided by 80.
64
Calculate the remainder when 400 is divided by 29.
23
What is the remainder when 951 is divided by 159?
156
Calculate the remainder when 7729 is divided by 10.
9
Calculate the remainder when 96 is divided by 16.
0
Calculate the remainder when 1648 is divided by 2.
0
Calculate the remainder when 3290 is divided by 206.
200
What is the remainder when 167 is divided by 21?
20
Calculate the remainder when 721 is divided by 183.
172
Calculate the remainder when 144 is divided by 135.
9
Calculate the remainder when 313 is divided by 158.
155
Calculate the remainder when 3150 is divided by 1049.
3
Calculate the remainder when 64 is divided by 25.
14
What is the remainder when 431 is divided by 66?
35
What is the remainder when 473 is divided by 34?
31
Calculate the remainder when 396 is divided by 40.
36
What is the remainder when 2222 is divided by 25?
22
Calculate the remainder when 17 is divided by 1.
0
What is the remainder when 2189 is divided by 219?
218
What is the remainder when 14718 is divided by 10?
8
What is the remainder when 4750 is divided by 48?
46
Calculate the remainder when 1052 is divided by 39.
38
What is the remainder when 189 is divided by 52?
33
Calculate the remainder when 652 is divided by 73.
68
What is the remainder when 205 is divided by 13?
10
What is the remainder when 261 is divided by 9?
0
Calculate the remainder when 18268 is divided by 174.
172
What is the remainder when 32 is divided by 17?
15
What is the remainder when 454 is divided by 106?
30
What is the remainder when 1138 is divided by 60?
58
What is the remainder when 1323 is divided by 78?
75
Calculate the remainder when 127 is divided by 6.
1
Calculate the remainder when 438 is divided by 98.
46
What is the remainder when 323 is divided by 83?
74
Calculate the remainder when 3515 is divided by 55.
50
Calculate the remainder when 146 is divided by 13.
3
Calculate the remainder when 913 is divided by 8.
1
What is the remainder when 129 is divided by 67?
62
What is the remainder when 437 is divided by 143?
8
Calculate the remainder when 734 is divided by 185.
179
Calculate the remainder when 106 is divided by 4.
2
What is the remainder when 659 is divided by 79?
27
What is the remainder when 961 is divided by 111?
73
Calculate the remainder when 248 is divided by 50.
48
What is the remainder when 491 is divided by 225?
41
Calculate the remainder when 431 is divided by 147.
137
Calculate the remainder when 78 is divided by 48.
30
Calculate the remainder when 878 is divided by 11.
9
Calculate the remainder when 107 is divided by 57.
50
What is the remainder when 88 is divided by 30?
28
Calculate the remainder when 491 is divided by 15.
11
What is the remainder when 2025 is divided by 667?
24
What is the remainder when 1460 is divided by 207?
11
Calculate the remainder when 2054 is divided by 147.
143
What is the remainder when 25534 is divided by 48?
46
What is the remainder when 311 is divided by 52?
51
What is the remainder when 14569 is divided by 62?
61
What is the remainder when 59 is divided by 8?
3
Calculate the remainder when 687 is divided by 411.
276
What is the remainder when 37 is divided by 17?
3
Calculate the remainder when 45 is divided by 22.
1
What is the remainder when 3053 is divided by 1525?
3
What is the remainder when 4016 is divided by 367?
346
Calculate the remainder when 155 is divided by 37.
7
Calculate the remainder when 1077 is divided by 108.
105
Calculate the remainder when 119 is divided by 23.
4
What is the remainder when 70 is divided by 44?
26
What is the remainder when 403 is divided by 125?
28
What is the remainder when 547 is divided by 137?
136
What is the remainder when 71 is divided by 31?
9
What is the remainder when 1791 is divided by 64?
63
What is the remainder when 1874 is divided by 28?
26
What is the remainder when 522 is divided by 176?
170
What is the remainder when 25 is divided by 14?
11
Calculate the remainder when 2 is divided by 2.
0
What is the remainder when 755 is divided by 193?
176
Calculate the remainder when 77 is divided by 20.
17
Calculate the remainder when 173 is divided by 42.
5
What is the remainder when 333 is divided by 5?
3
What is the remainder when 399 is divided by 131?
6
What is the remainder when 437 is divided by 218?
1
What is the remainder when 719 is divided by 15?
14
What is the remainder when 139 is divided by 134?
5
What is the remainder when 464 is divided by 90?
14
Calculate the remainder when 267 is divided by 27.
24
Calculate the remainder when 12 is divided by 6.
0
Calculate the remainder when 526 is divided by 39.
19
What is the remainder when 250 is divided by 34?
12
Calculate the remainder when 24 is divided by 12.
0
Calculate the remainder when 655 is divided by 44.
39
Calculate the remainder when 797 is divided by 12.
5
What is the remainder when 83 is divided by 31?
21
Calculate the remainder when 126 is divided by 116.
10
Calculate the remainder when 562 is divided by 529.
33
Calculate the remainder when 2199 is divided by 64.
23
What is the remainder when 779 is divided by 152?
19
Calculate the remainder when 851 is divided by 221.
188
Calculate the remainder when 707 is divided by 71.
68
What is the remainder when 4397 is divided by 10?
7
What is the remainder when 1099 is divided by 366?
1
Calculate the remainder when 81 is divided by 24.
9
What is the remainder when 9658 is divided by 42?
40
Calculate the remainder when 392 is divided by 45.
32
Calculate the remainder when 1283 is divided by 10.
3
What is the remainder when 934 is divided by 11?
10
What is the remainder when 169 is divided by 86?
83
Calculate the remainder when 49618 is divided by 10.
8
What is the remainder w